the remainder when 1987 is divided by 472.
99
Calculate the remainder when 17146 is divided by 35.
31
Calculate the remainder when 659128 is divided by 114.
94
Calculate the remainder when 3326 is divided by 51.
11
Calculate the remainder when 66720 is divided by 33.
27
What is the remainder when 57796 is divided by 28894?
8
What is the remainder when 27671 is divided by 1626?
29
What is the remainder when 15193 is divided by 183?
4
Calculate the remainder when 11464 is divided by 413.
313
Calculate the remainder when 6240 is divided by 6232.
8
Calculate the remainder when 28044 is divided by 40.
4
Calculate the remainder when 111517 is divided by 136.
133
Calculate the remainder when 100533 is divided by 58.
19
Calculate the remainder when 160 is divided by 128.
32
What is the remainder when 13500 is divided by 482?
4
What is the remainder when 673193 is divided by 100?
93
What is the remainder when 1180 is divided by 202?
170
Calculate the remainder when 54617 is divided by 600.
17
Calculate the remainder when 128810 is divided by 394.
366
What is the remainder when 3549 is divided by 507?
0
What is the remainder when 97494 is divided by 155?
154
What is the remainder when 65172 is divided by 286?
250
What is the remainder when 14038 is divided by 120?
118
Calculate the remainder when 45835 is divided by 240.
235
Calculate the remainder when 1515723 is divided by 216531.
6
Calculate the remainder when 1483 is divided by 1390.
93
What is the remainder when 276832 is divided by 138415?
2
What is the remainder when 73798 is divided by 7?
4
What is the remainder when 19477 is divided by 140?
17
What is the remainder when 8398 is divided by 559?
13
What is the remainder when 60463 is divided by 565?
8
What is the remainder when 43741 is divided by 3973?
38
Calculate the remainder when 3275348 is divided by 25.
23
What is the remainder when 279303 is divided by 14700?
3
Calculate the remainder when 256 is divided by 104.
48
Calculate the remainder when 186426 is divided by 5.
1
Calculate the remainder when 648985 is divided by 162246.
1
What is the remainder when 7868 is divided by 97?
11
Calculate the remainder when 17078 is divided by 4241.
114
Calculate the remainder when 355 is divided by 229.
126
Calculate the remainder when 69095 is divided by 19.
11
What is the remainder when 7433 is divided by 18?
17
What is the remainder when 6753 is divided by 180?
93
Calculate the remainder when 28595 is divided by 493.
1
What is the remainder when 9690 is divided by 911?
580
What is the remainder when 41752 is divided by 2981?
18
What is the remainder when 209247 is divided by 53?
3
What is the remainder when 3889541 is divided by 121?
117
What is the remainder when 45754 is divided by 93?
91
What is the remainder when 22363 is divided by 638?
33
Calculate the remainder when 11665 is divided by 2913.
13
What is the remainder when 5247 is divided by 247?
60
Calculate the remainder when 193329 is divided by 64436.
21
What is the remainder when 91013 is divided by 11?
10
What is the remainder when 42971 is divided by 32?
27
Calculate the remainder when 17757 is divided by 5918.
3
Calculate the remainder when 5876 is divided by 5860.
16
Calculate the remainder when 46312 is divided by 23156.
0
What is the remainder when 22040 is divided by 479?
6
What is the remainder when 9073 is divided by 20?
13
Calculate the remainder when 97239 is divided by 27.
12
What is the remainder when 7542 is divided by 63?
45
What is the remainder when 709 is divided by 92?
65
Calculate the remainder when 13994 is divided by 80.
74
Calculate the remainder when 9616079 is divided by 30.
29
Calculate the remainder when 5663 is divided by 37.
2
Calculate the remainder when 1405992 is divided by 760.
752
Calculate the remainder when 28509 is divided by 37.
19
What is the remainder when 14464 is divided by 7223?
18
Calculate the remainder when 181610 is divided by 302.
108
What is the remainder when 9667 is divided by 422?
383
What is the remainder when 1380 is divided by 1148?
232
What is the remainder when 13984 is divided by 88?
80
Calculate the remainder when 32597 is divided by 326.
323
What is the remainder when 50379 is divided by 442?
433
What is the remainder when 117404 is divided by 47?
45
Calculate the remainder when 107262 is divided by 15.
12
What is the remainder when 7426 is divided by 623?
573
Calculate the remainder when 2536 is divided by 16.
8
What is the remainder when 19774 is divided by 73?
64
Calculate the remainder when 109821 is divided by 21945.
96
Calculate the remainder when 5494 is divided by 9.
4
What is the remainder when 20423 is divided by 1196?
91
What is the remainder when 1127319 is divided by 9?
6
What is the remainder when 9478 is divided by 37?
6
Calculate the remainder when 25545 is divided by 246.
207
What is the remainder when 2910 is divided by 2026?
884
What is the remainder when 3083 is divided by 45?
23
What is the remainder when 6958 is divided by 46?
12
Calculate the remainder when 11502 is divided by 11313.
189
What is the remainder when 188607 is divided by 317?
309
What is the remainder when 130120 is divided by 885?
25
What is the remainder when 5248 is divided by 755?
718
Calculate the remainder when 189009 is divided by 205.
204
What is the remainder when 4860421 is divided by 614?
611
What is the remainder when 330885 is divided by 408?
405
Calculate the remainder when 83597 is divided by 400.
397
Calculate the remainder when 3737638 is divided by 38.
34
What is the remainder when 63128 is divided by 103?
92
What is the remainder when 132069 is divided by 12?
9
Calculate the remainder when 8699 is divided by 256.
251
Calculate the remainder when 8166 is divided by 1030.
956
Calculate the remainder when 9619 is divided by 2331.
295
What is the remainder when 7694 is divided by 3839?
16
What is the remainder when 10295 is divided by 696?
551
What is the remainder when 159844 is divided by 4565?
69
What is the remainder when 93714 is divided by 440?
434
Calculate the remainder when 8001 is divided by 1967.
133
Calculate the remainder when 9638 is divided by 45.
8
Calculate the remainder when 4497 is divided by 1124.
1
Calculate the remainder when 16631 is divided by 179.
163
What is the remainder when 1000 is divided by 200?
0
What is the remainder when 3075 is divided by 968?
171
Calculate the remainder when 20062 is divided by 73.
60
Calculate the remainder when 184721 is divided by 34.
33
What is the remainder when 153503 is divided by 234?
233
What is the remainder when 575570 is divided by 15?
5
What is the remainder when 26646 is divided by 8873?
27
Calculate the remainder when 4195 is divided by 56.
51
What is the remainder when 6112 is divided by 1525?
12
Calculate the remainder when 77143 is divided by 24.
7
What is the remainder when 5608 is divided by 873?
370
What is the remainder when 9008 is divided by 8997?
11
Calculate the remainder when 3865 is divided by 644.
1
What is the remainder when 2301 is divided by 149?
66
What is the remainder when 298755 is divided by 220?
215
What is the remainder when 32788 is divided by 127?
22
Calculate the remainder when 806346 is divided by 796.
794
Calculate the remainder when 46311 is divided by 31.
28
Calculate the remainder when 66395 is divided by 2.
1
What is the remainder when 4884 is divided by 140?
124
What is the remainder when 1686603 is divided by 1156?
1155
What is the remainder when 54388 is divided by 27190?
8
What is the remainder when 6933 is divided by 49?
24
What is the remainder when 13250 is divided by 107?
89
What is the remainder when 9592 is divided by 234?
232
What is the remainder when 152830 is divided by 345?
340
What is the remainder when 171347 is divided by 171334?
13
What is the remainder when 44558 is divided by 602?
10
What is the remainder when 1141 is divided by 628?
513
What is the remainder when 160224 is divided by 5722?
8
Calculate the remainder when 2625 is divided by 621.
141
Calculate the remainder when 6039 is divided by 84.
75
Calculate the remainder when 25995 is divided by 26.
21
What is the remainder when 2065 is divided by 93?
19
Calculate the remainder when 11428 is divided by 11405.
23
Calculate the remainder when 570468 is 